e
Is 26337139 prime?
False
Is 68730113 a composite number?
False
Is 82579759 a composite number?
True
Is 34803823 a composite number?
False
Is 24424963 a composite number?
False
Is 196098143 a composite number?
False
Is 19390559 a composite number?
False
Is 176581931 a composite number?
False
Is 17100887 a composite number?
False
Is 55163903 a prime number?
True
Is 907197 prime?
False
Is 674036677 a composite number?
False
Is 681997099 a prime number?
False
Is 660971 composite?
True
Is 390443203 composite?
True
Is 860747 composite?
False
Is 10245657 composite?
True
Is 753229 a composite number?
False
Is 20076049 prime?
False
Is 23057813 a prime number?
False
Is 76824217 composite?
False
Is 137967913 a prime number?
True
Is 13735859 composite?
True
Is 4109746 prime?
False
Is 37450561 prime?
True
Is 3930989 a prime number?
True
Is 1311339 composite?
True
Is 388273033 a prime number?
True
Is 45057037 a composite number?
True
Is 727482209 prime?
True
Is 145620905 composite?
True
Is 13279619 a composite number?
False
Is 1732177 a composite number?
True
Is 2862803 composite?
False
Is 10576919 a prime number?
True
Is 1562971 prime?
True
Is 27600919 composite?
False
Is 211412939 a prime number?
False
Is 24952927 composite?
False
Is 2854931 a prime number?
False
Is 3462477 a prime number?
False
Is 6087118 composite?
True
Is 48947239 a composite number?
True
Is 2239519 a prime number?
True
Is 5430851 prime?
True
Is 7844567 composite?
False
Is 25512899 composite?
False
Is 29579351 composite?
False
Is 5668169 a composite number?
True
Is 26193437 a prime number?
True
Is 74216647 a composite number?
False
Is 3389621 prime?
True
Is 4832915 a prime number?
False
Is 728911138 composite?
True
Is 27478265 prime?
False
Is 84057551 a prime number?
False
Is 2590661 a prime number?
False
Is 19854223 prime?
True
Is 5629865 composite?
True
Is 4195703 a prime number?
True
Is 66958219 prime?
False
Is 7769579 composite?
False
Is 2532763 composite?
False
Is 7482773 a prime number?
False
Is 44256991 composite?
True
Is 13141693 a composite number?
True
Is 131398495 a composite number?
True
Is 57185 prime?
False
Is 56819879 a prime number?
True
Is 3197371 composite?
True
Is 5248421 a composite number?
False
Is 7920589 a prime number?
False
Is 13396979 composite?
False
Is 109852037 a composite number?
False
Is 13174477 a prime number?
True
Is 4886103 composite?
True
Is 7759789 composite?
False
Is 23170831 composite?
False
Is 100581223 composite?
False
Is 14537099 prime?
False
Is 367189787 a prime number?
False
Is 759881 composite?
False
Is 736321 a prime number?
False
Is 57565063 prime?
True
Is 8796511 a prime number?
False
Is 16814209 a prime number?
True
Is 31915355 a prime number?
False
Is 36448861 a prime number?
True
Is 2076809 a composite number?
True
Is 32506823 composite?
True
Is 19617841 a composite number?
False
Is 695561 a composite number?
False
Is 58981907 a prime number?
True
Is 2307934 a prime number?
False
Is 34704091 prime?
True
Is 7712357 prime?
False
Is 7439637 a prime number?
False
Is 20221169 composite?
True
Is 63493733 prime?
True
Is 22732429 a composite number?
True
Is 183151 prime?
True
Is 53385443 a composite number?
False
Is 232860289 prime?
True
Is 62360927 composite?
True
Is 51092791 a prime number?
True
Is 323344927 a composite number?
True
Is 57452893 a prime number?
False
Is 906466747 a composite number?
False
Is 16572635 a composite number?
True
Is 119065511 composite?
False
Is 82879969 a prime number?
False
Is 168421381 a prime number?
False
Is 824437 a prime number?
True
Is 2123033169 a composite number?
True
Is 26067109 a prime number?
True
Is 28392353 prime?
False
Is 8213281 prime?
False
Is 29837419 composite?
False
Is 35391637 a prime number?
False
Is 5035339 a prime number?
True
Is 984288605 composite?
True
Is 61894279 prime?
False
Is 25422283 a composite number?
False
Is 190257187 a composite number?
True
Is 2626307 a prime number?
True
Is 33511087 a prime number?
True
Is 3400823 a composite number?
False
Is 365843 a composite number?
True
Is 3309121 a prime number?
True
Is 10851409 composite?
False
Is 2406919 prime?
True
Is 662454029 prime?
True
Is 6598799 composite?
False
Is 11543023 composite?
False
Is 200129887 a composite number?
True
Is 47894083 a prime number?
False
Is 1235423 composite?
True
Is 12087809 a composite number?
True
Is 2691373 a prime number?
True
Is 19871363 composite?
True
Is 835669 composite?
True
Is 13490531 prime?
False
Is 1388387227 a composite number?
True
Is 12039059 prime?
True
Is 2246534 a prime number?
False
Is 285146207 prime?
True
Is 45278747 composite?
False
Is 9727409 composite?
True
Is 4415269 a prime number?
True
Is 113032313 a composite number?
False
Is 14001763 prime?
True
Is 337673 composite?
True
Is 160043833 composite?
True
Is 3624911 a prime number?
True
Is 7364551 composite?
False
Is 617327 a prime number?
True
Is 881347 composite?
True
Is 442020863 prime?
True
Is 8868919 a prime number?
True
Is 75920777 a prime number?
True
Is 72261115 prime?
False
Is 905381 prime?
True
Is 1885151 prime?
True
Is 166704511 a composite number?
False
Is 38355563 a composite number?
False
Is 84173633 a prime number?
False
Is 4037819 a composite number?
True
Is 109699 a prime number?
False
Is 69896053 a composite number?
False
Is 23533537 prime?
False
Is 131557 composite?
True
Is 21398327 a composite number?
False
Is 52945393 prime?
False
Is 2910793 composite?
True
Is 7481701 a prime number?
True
Is 4877557 a prime number?
True
Is 31634591 a composite number?
True
Is 19586491 prime?
True
Is 876492703 a prime number?
True
Is 518387 composite?
False
Is 36557503 prime?
True
Is 3853813 composite?
False
Is 320301869 a prime number?
True
Is 136987 composite?
False
Is 7733233 prime?
True
Is 707554073 a prime number?
True
Is 2291545 a prime number?
False
Is 11012981 a prime number?
False
Is 59830819 composite?
True
Is 371539409 a composite number?
False
Is 1210739 composite?
True
Is 852043 prime?
False
Is 4765817 a composite number?
True
Is 3062519 a prime number?
False
Is 10614469 a composite number?
True
Is 11909833 a composite number?
True
Is 2904599 prime?
True
Is 8090153 a prime number?
False
Is 141593889 a composite number?
True
Is 1585301 a prime number?
False
Is 4931363 composite?
True
Is 6982127 a prime number?
False
Is 1252817 a composite number?
False
Is 2432093 a composite number?
False
Is 13382771 a prime number?
True
Is 2607727 composite?
True
Is 34737259 a prime number?
False
Is 496955 prime?
False
Is 312451 a prime number?
True
Is 10894253 a prime number?
True
Is 143972873 prime?
False
Is 13836989 composite?
True
Is 720196889 a prime number?
True
Is 714217 composite?
True
Is 28531571 a composite number?
False
Is 42115057 a prime number?
False
Is 370486243 a prime number?
True
Is 2536459 composite?
True
Is 199600267 a prime number?
True
Is 24992563 prime?
False
Is 1965471 a composite number?
True
Is 6555806 composite?
True
Is 19223651 composite?
True
Is 383740163 a prime number?
False
Is 461665 composite?
True
Is 348275951 a prime number?
True
Is 12661837 a prime number?
True
Is 47766259 a prime number?
True
Is 12827891 a composite number?
False
Is 191334937 prime?
False
Is 20627081 prime?
True
Is 16271777 a composite number?
True
Is 1950353 prime?
False
Is 11582383 a composite number?
False
Is 828979 a prime number?
False
Is 1091497451 prime?
False
Is 572597 prime?
True
Is 4391639 a prime number?
False
Is 100484201 composite?
False
Is 38570047 a composite number?
False
Is 33967259 a composite number?
False
Is 276357 a prime number?
False
Is 4356449 prime?
True
Is 16499 prime?
False
Is 74963 composite?
True
Is 227000437 a composite number?
False
Is 159861661 composite?
True
Is 1417523 composite?
False
Is 2370083 composite?
True
Is 7039957 composite?
False
Is 859573031 prime?
True
Is 140941643 composite?
True
Is 72211 a prime number?
True
Is 6746189 a composite number?
True
Is 11530781 a prime number?
True
Is 10721509 composite?
True
Is 16671403 prime?
False
Is 17012587 prime?
False
Is 667741 a prime number?
True
Is 2323021 composite?
False
Is 1658588359 composite?
False
Is 17538743 prime?
False
Is 68791 prime?
True
Is 758110619 prime?
False
Is 73660749 a prime number?
False
Is 81758231 a prime number?
T